se -198 = -2*y + 2*u, 291 = 3*y - 0*y + 3*u. Let w be (-4)/(7/(y/4)). What are the prime factors of t(w)?
2, 13
Let j(i) = i + 1. Let z be j(8). Suppose -16*u + 118 = -10. Suppose -4*p - 4*n + u = -8, 4*n = -3*p + z. What are the prime factors of p?
7
Let s be (-2 - 27/(-6))*32/5. Suppose 0 = -4*p + s - 8. Suppose -p*m - 437 = -3*c, 4*m + m = 25. List the prime factors of c.
149
Suppose -16*l - 12*l = -56. Suppose -2*p - 754 = -3*h + 649, 4*h - 1880 = -l*p. What are the prime factors of h?
7, 67
Suppose -3*d + 28086 = 3*b + 3693, 0 = -11*b + 5*d + 89409. What are the prime factors of b?
11, 739
Let v(h) = -2*h**2 + 25*h - 36. Let q be v(12). List the prime factors of (-276)/q - 11 - (-631)/2.
2, 79
Let d = -262 + 261. Let a(p) = 205*p**2 + 8*p + 9. List the prime factors of a(d).
2, 103
Let n(x) = -x - 13. Let s be n(-9). Let r be s/(-3 + (-15)/(-9)). Suppose p - 5*u = 184, -p + 736 = r*p - 5*u. List the prime factors of p.
2, 23
Let i(f) = 32*f**2 - 70*f + 6. Let k be i(5). Let y = 588 - k. List the prime factors of y.
2, 3, 11
Let a(i) = -i**3 + 75*i**2 - 97*i - 113. List the prime factors of a(73).
2, 433
Let l = -8909 - -13047. What are the prime factors of l?
2, 2069
Let y be (3740/25)/((-8)/(-20)). Suppose -13*h + y = 4*h. List the prime factors of h.
2, 11
Let o(p) be the second derivative of p**4/12 - 17*p**3/6 - p**2 + 10*p. Let t be o(13). Let q = t - -64. What are the prime factors of q?
2, 5
Let a be 3/(0 - 4/60). Let p be -98 + (-33)/27 + (-10)/a. Let l = p - -189. What are the prime factors of l?
2, 3, 5
Let o = -658 + 1189. Let x = o - 448. List the prime factors of x.
83
Let o(q) = -q**3 - 9*q**2 - 7*q + 10. Let r be o(-8). Suppose 0*i + 42 = r*i. Let d(p) = p**3 - 21*p**2 + 11*p - 44. What are the prime factors of d(i)?
11, 17
Let p(y) = 4*y + 16. Let n be 2 + 3/(2 + -5) + 2. Let u be p(n). Suppose -5*x - u = -12*x. What are the prime factors of x?
2
Let j be (-133)/(-28) + (-2)/(-8). Suppose 3*u - j = -4*t, -t + 8 = t - 4*u. Suppose t*y = 5*i - 572, 0 = 2*i - y - 124 - 104. List the prime factors of i.
2, 29
Let i(w) = 4*w + 19. Let m(v) = 6*v - 52. Let o be m(8). Let j be i(o). Suppose -940 = -5*x - j*t, -x = -3*t - 28 - 142. What are the prime factors of x?
5, 37
Let d = 6 - 4. Let g be (-8)/12*30 + d. Let i(s) = -s**3 - 17*s**2 + 17*s - 8. What are the prime factors of i(g)?
2, 5
Let y(q) be the first derivative of 291*q**2/2 - 53*q + 66. What are the prime factors of y(4)?
11, 101
Suppose 0 = -4*k, 3*m - 5*k + k = 309. Let a = m - 76. What are the prime factors of (-11964)/(-108) - (-6)/a?
3, 37
Let t = -3031 - -3270. What are the prime factors of t?
239
Let r(f) = -99*f - 2. Let i be r(-14). Let m = 2319 - i. What are the prime factors of m?
5, 11, 17
Suppose 6*p - 31 = 2*p - m, -4*m = -2*p + 38. Let x(j) = j**3 - 9*j**2 - 4*j - 6. Let l be x(p). What are the prime factors of ((-24)/14)/(2/l)?
2, 3
Let d(s) = -24*s + 28. Let h be d(-7). Suppose -g + h = -0*g. List the prime factors of g.
2, 7
Let f(p) = -5*p + 3. Let i be f(0). Suppose i*r - 3*z = -2*r + 1758, -5*z = -5*r + 1750. What are the prime factors of r?
2, 3, 59
List the prime factors of 32/(-20)*(64 - 20654).
2, 29, 71
Let k be (-14)/1 + (1 - -3). Let z(p) = p**3 + 9*p**2 - 12*p - 17. Let i be z(k). List the prime factors of -3 + (-3)/i - -10.
2, 3
Suppose 0*u = 4*u - u. Suppose p + 4*h - 259 = 0, -3*h + u*h = -12. Suppose 245 + p = 4*x. What are the prime factors of x?
2, 61
Let c(p) = 17*p**2 - p + 2. Let w be c(1). Suppose w*d - 3492 = 12*d. List the prime factors of d.
2, 3, 97
Let h(s) = 10*s**2 + 1. Let k be h(-1). Let p = -2027 + 2087. Suppose n - p = -k*n. What are the prime factors of n?
5
Suppose -14*m + 213232 = 35264. What are the prime factors of m?
2, 7, 227
Let n(s) = -5*s**2 - 835*s - 133. List the prime factors of n(-88).
31, 1117
Let a(l) = 34*l**2 - 121*l + 221. List the prime factors of a(-14).
23, 373
Suppose -6*d = 2*r - 2*d + 14, -3*r - 2*d = 29. Let a be (r/1)/(13/(-845)). Suppose 4*i + a = 9*i. What are the prime factors of i?
11, 13
Let j = -8 + -48. Let s = j + 120. List the prime factors of s/11 + (-2)/(-11).
2, 3
Let u(m) = 19*m + 11. Let o be ((-12)/10)/(6/(-10)). Suppose -5*l = -23 - o. What are the prime factors of u(l)?
2, 53
Let g(b) = -14*b - 23. Let d be g(-9). Suppose d + 70 = 4*y + l, 2*y = 5*l + 103. What are the prime factors of y?
2, 11
Suppose -8*n - 360 = -18*n. Let i be -1 - (-4)/(16/n). What are the prime factors of (-1)/i*-2 - (-1462)/8?
3, 61
Suppose i = -5*x + 547 + 397, -i + 944 = 3*x. What are the prime factors of i?
2, 59
Let z(d) = 487*d**2 - 3*d - 5. Let o be (138/(-18) - -7)/(8/12). What are the prime factors of z(o)?
5, 97
Let f = 11967 - 7450. What are the prime factors of f?
4517
Let s = -8242 - -18871. What are the prime factors of s?
3, 1181
Suppose -682*s - 20 = -681*s. What are the prime factors of 50/s*(-2192)/20?
2, 137
Let p(y) = 1420*y - 5430. List the prime factors of p(46).
2, 5, 53, 113
Let h(f) be the third derivative of -5*f**4/24 - f**3/3 + 5*f**2. Let x be h(-1). Suppose 10 = 5*s - x*s, -d + 4*s = -111. What are the prime factors of d?
131
Let t = -701 + 1881. List the prime factors of t.
2, 5, 59
Suppose 7*n - 12*n = -10. Let p be (8 - (0 - (-4)/n)) + -3. What are the prime factors of ((-39)/13)/(p/(-62)) - 2?
2, 3, 5
Suppose 0*p = -3*p + 9. List the prime factors of 3508/16 + ((-9)/12)/p.
3, 73
Let j(k) be the first derivative of -k**4/4 + 20*k**3/3 - 5*k**2 + 88*k - 75. What are the prime factors of j(18)?
2, 139
Let g(z) = -31*z**2 - 44*z + 5. Let n be g(17). What are the prime factors of (-11)/(-2)*n/(-63)?
7, 11
Suppose 279 = -2*i + 263. Let u = i - -174. List the prime factors of u.
2, 83
Suppose 28*j = 143719 + 9553. Suppose 13*m = j + 1442. List the prime factors of m.
2, 7, 19
Let t be 585/11 + (-34)/187. Let g = 50 - t. What are the prime factors of 758/14 - g/(-21)?
2, 3
Let l(t) be the third derivative of t**4/4 + 7*t**3/6 + t**2 + 2*t. Let q be ((-14)/(-4))/(8/16). What are the prime factors of l(q)?
7
Suppose 0 = -5*k - 3*f + 7598, 3*k + 33*f = 32*f + 4558. What are the prime factors of k?
7, 31
Let s(c) = 1121*c**2 + 27*c - 13. What are the prime factors of s(-2)?
7, 631
Let q = 300 - 54. Suppose 1832 = -242*z + q*z. List the prime factors of z.
2, 229
Let d = 5158 + -5157. Let y be (1 + 0)/(-1 - 0). List the prime factors of d*(4 - (-129 - y)).
2, 3, 11
What are the prime factors of 165/132*(4 - -3504)?
5, 877
Let a = -41029 - -78351. What are the prime factors of a?
2, 18661
Let z be (20 - (-4935)/(-165) - (-2)/(-22)) + 0. Let u(j) = -9*j**2 - 1 - 13*j - 1 + 3 - j**3. What are the prime factors of u(z)?
3, 7, 11
Let z = 70 - 0. Let f(i) = i**3 + 6*i**2 - 5*i + 19. Let n be f(-7). Suppose -z - 540 = -n*a. List the prime factors of a.
2, 61
Let d = -18510 + 96681. List the prime factors of d.
3, 71, 367
Let r(g) = g**2 + 6*g - 9. Let c(s) = -7 + s**3 + 3*s + s - 24*s - 8 - 20*s**2. Let t be c(21). List the prime factors of r(t).
3, 7
Suppose 0 = -106*i + 60959 + 75504 + 207825. What are the prime factors of i?
2, 7, 29
Suppose 43962 + 505597 = 213*a - 939098. List the prime factors of a.
29, 241
Let d(z) = z**3 - 2*z**2 - 3*z - 1. Let s be d(3). Let m(y) = -460*y + 26. List the prime factors of m(s).
2, 3
Suppose r - 4*r = 2*o - 17, -3*o + 29 = r. Suppose 3*a - o = -2*i, 3*a = 3*i - 2*i + 22. What are the prime factors of (-3)/(a/9 - 903/1314)?
2, 73
Let p = 2757 - 3926. Let u = p - -2861. List the prime factors of u.
2, 3, 47
Let z(t) = -t - 1. Let p be z(-4). Suppose -p = -o + x - 0, x = -5*o + 45. Suppose -o*j - 695 = -13*j. List the prime factors of j.
139
List the prime factors of (-172254)/18*(2 - (-1 - -6)).
19, 1511
Let t = 760 + -754. Let y = -619 + 322. What are the prime factors of t/(-4) - (4 - y/(-2))?
11, 13
Suppose 0 = -13*z + 29049 + 48929 - 4424. What are the prime factors of z?
2, 3, 23, 41
Let t(g) = 8019*g**2 - g - 1. List the prime factors of t(1).
8017
Let i(k) be the second derivative of -37*k**4/24 + 17*k**3/6 + 8*k**2 - 25*k. Let r(d) be the first derivative of i(d). List the prime factors of r(-3).
2
Suppose 5*l = -m + 20560, 4*m = m. Suppose -224 = 4*f - l. List the prime factors of f.
2, 3
Suppose -j - 208542 = -44*j + 168869. What are the pr